Let d be 2/((-4)/(-200)*2) - t. Suppose 23*j + d = 29*j. What is the remainder when 51 is divided by j?
6
Let t = 83 - 73. Suppose -t*g = -13*g + 27. Calculate the remainder when 79 is divided by g.
7
Let k be -18*2/(-4)*8. Suppose -5*z + 38 = -k. Suppose -p + 34 = 21. Calculate the remainder when z is divided by p.
9
Let g(c) = 4*c**2 - 12*c + 5 + 16*c + 3. Let i be g(-5). Let r = i + -59. What is the remainder when r is divided by 8?
5
Let d = -159 + 181. Suppose q + 4*l = -l + 13, -q = -4*l - d. Calculate the remainder when 106 is divided by q.
16
Let i(j) = -j**2 - 7*j - 5. Suppose 4 = -3*h + 2*h. Let n(w) = -2*w**3 - 55*w**2 + 27*w + 3. What is the remainder when n(-28) is divided by i(h)?
3
Suppose 4*c + 428 = 5184. Suppose 0 = 7*z - c - 624. What is the remainder when z is divided by 52?
51
Suppose -2*s + 49 + 31 = 0. Suppose 4*b - s = -4*c, 13*b - 8*b = 25. What is the remainder when 59 is divided by c?
4
Let b(h) = -4*h + 38. Let o be b(9). Suppose o*l - 3*l = -4. Suppose 4*q + q = 50. Calculate the remainder when q is divided by l.
2
Let h = 55 + -17. Suppose 50 - 6 = 4*m - 4*a, -2*a = -5*m + 61. Calculate the remainder when h is divided by m.
12
Suppose -4*c = a - 116, -5*a + 616 = -c + 3*c. Let q = a - 11. Calculate the remainder when q is divided by 1/(-2)*(1*-64 - -6).
26
Let i(d) = -d**3 - 34*d**2 + 72*d + 81. Suppose 7*c - 51 = 306. Calculate the remainder when i(-36) is divided by 7/21*(0 + c).
13
Let d = -33 - -61. Suppose -a - d + 42 = 0. Calculate the remainder when 84 - (61 - 6)/(-5) is divided by a.
11
Let n(u) = 15*u + 14. Let g(z) = 44*z + 40. Let s(m) = -6*g(m) + 17*n(m). Calculate the remainder when s(-4) is divided by 24.
10
Suppose -27*d = -30*d - 2*x + 1522, -d + 4*x = -512. Calculate the remainder when d is divided by 258.
250
Let k = 373 - 360. Suppose -8*s = -9*s + k. Calculate the remainder when 46 is divided by s.
7
Suppose -2*v + 3*s + 43 = 0, -3*v + 5*s - 10*s = -55. What is the remainder when 130 is divided by v?
10
Let z = -264 - -301. Calculate the remainder when z is divided by 13.
11
Suppose 5*d + 10 = 0, d + 53 = -4*g + 195. What is the remainder when -43*(4/6)/((-24)/g) is divided by 7?
1
Suppose 1 = w, -4*w = u - 5*u + 3084. Suppose -37*f + u = -338. What is the remainder when 327 is divided by f?
27
Let q = 8320 + -8216. Let g = -2 - -6. Suppose -5*l - g*a = -155, 6 = -3*a - 9. Calculate the remainder when q is divided by l.
34
Let j = 16160 + -15500. What is the remainder when j is divided by 130?
10
Calculate the remainder when 119 - (35/(-17) - 2/(-34)) is divided by 81.
40
Let z(f) = 14*f + 11. Let y = -79 - -28. Let k = y + 54. What is the remainder when z(k) is divided by 15?
8
Let s(d) = 4*d**3 - 20*d**2 + 52*d. Calculate the remainder when 761 is divided by s(7).
5
Suppose -4*n + 6*k = k - 820, 8 = -2*k. Suppose -120 = -3*d + 48*u - 43*u, -n = -5*d + u. What is the remainder when d is divided by 16?
8
Let t(b) = 4*b - 2. Let x(g) = 509*g - 10154. What is the remainder when x(20) is divided by t(4)?
12
Suppose 3713 = 11*z + 6*z + 30*z. Calculate the remainder when z is divided by 1.
0
Let u(w) = 4*w**2 - 158*w + 1630. Calculate the remainder when u(10) is divided by 35.
30
Let c(n) = 2*n**3 - 23*n**2 + 14*n - 25. Let f be c(11). Suppose o = 4*q - 455, 3*o = -f*q + 7*q + 117. What is the remainder when q is divided by 19?
0
Calculate the remainder when 249 is divided by 0/(-5) + (-135)/(-3).
24
Let i(w) = -10*w**2 - 2. Let s be i(-1). Let n be 3*6/s + (-734)/4. Calculate the remainder when 13 is divided by (-8)/28 - n/35.
3
Let a = 2218 - 2206. Suppose 0 = -2*w + 6 + 2. Suppose w*q + a - 28 = 0. What is the remainder when 16 is divided by q?
0
Suppose -2*k + 279 + 231 = 4*l, -k + 381 = 3*l. Calculate the remainder when 52 is divided by (l/15)/(28/70).
10
Let g = -38 - -53. Let y be (-6)/(-9) - (-20)/g. Suppose 42 = y*p - 2*o, -p + 2*o - 3*o + 15 = 0. What is the remainder when 49 is divided by p?
13
Suppose -40 = 19*t - 24*t. Suppose -16*j + 20*j - t = 0. Suppose -3*h + 0*y - 5*y = -44, 31 = j*h + 3*y. What is the remainder when 33 is divided by h?
10
Let p = -89 - -233. Suppose -3*z + p = z - h, -128 = -4*z + 5*h. What is the remainder when 184 is divided by z?
36
Suppose 12*v = 137 + 103. Suppose -v*l = -6*l - 84. What is the remainder when 117 is divided by l?
3
Let f = -1073 - -1101. What is the remainder when 167 is divided by f?
27
Let q = 107 - 44. Let y = q - 58. Suppose 3*z = 4*f + 35 + 113, 5*z - 270 = -y*f. Calculate the remainder when z is divided by 27.
25
Let u(n) = -18*n + 77. Let y be u(4). Suppose -y*v - 3*p + 99 = 26, 0 = -3*v - 4*p + 46. What is the remainder when 220 is divided by v?
10
Let m be 3458*7/154 + (-4)/22. Suppose -5*z + 63 + m = 0. Calculate the remainder when z is divided by 9.
8
Suppose 0 = -13*l + 3 + 23. Calculate the remainder when 1 + 1*(l - -341) is divided by 69.
68
Suppose -5*v + 95 = -0*v. Let n be 2/8*(-6 - -38). What is the remainder when n/2 - (-7 - 98) is divided by v?
14
Suppose 5*n + h - 1606 = 196, 5*n = 4*h + 1817. What is the remainder when n is divided by 272?
89
Let c(o) = 19*o**2 + 42*o - 67. What is the remainder when c(-5) is divided by 1?
0
Let k(y) = -2*y**3 - 8*y**2 - 7*y. Let s be k(-5). Let r = 63 - s. What is the remainder when (-1 - 3326/r) + (-4)/22 is divided by 51?
48
Let c = 25070 + -25032. Let p(v) = 4*v**2 - 6*v + 1. Calculate the remainder when p(6) is divided by c.
33
Suppose 0 = -4*m - 4*r + 140, 11*r - 6*r = -m + 15. Let c be (4/6)/((-1)/(-9)). Calculate the remainder when m is divided by (11/2)/(3/c).
7
Let v = -69 + 90. Suppose 2*d - v + 5 = 0. Suppose -d*p + 2*p = -714. Calculate the remainder when p is divided by 40.
39
Let g(y) = 875*y - 1314. Calculate the remainder when g(9) is divided by 17.
16
Suppose -4*y + 320 = 4*c - 72, 3*y - 293 = -4*c. Calculate the remainder when 4255 is divided by y.
97
Calculate the remainder when ((-32)/(-40))/((-22)/(-5445)) is divided by 33.
0
Let g(c) = -c**3 + c**2 - 6*c + 6. Let l(j) = 5*j**3 - 4*j**2 + 39*j - 83. Calculate the remainder when g(-5) is divided by l(2).
15
Suppose -4*i + 78 = -2. Suppose -184 = m - 9*m. Suppose 3*a + i + m = z, -4*z + 146 = a. What is the remainder when 108 is divided by z?
34
Let r = -1567 - -1985. What is the remainder when r is divided by 154?
110
Let t(v) = -2*v + 1. Let s(i) = -i**3 + 6*i**2 - 2*i - 2. Let y be s(2). Suppose -2*c = -y - 40. What is the remainder when c is divided by t(-3)?
4
Calculate the remainder when 179 + -193 + (-188)/(-2) is divided by 27.
26
Let b = 3383 + -3288. Calculate the remainder when b is divided by 13.
4
Suppose -4*c = -2*c - c. Suppose 5*r + 4*r - 297 = c. Calculate the remainder when r is divided by 4.
1
Calculate the remainder when (8/((-64)/1730))/(95/(-456)) is divided by 16.
14
Suppose -454 = 26*i - 8644. What is the remainder when 321 is divided by i?
6
Suppose 2*v = 5*z - 148 - 190, -z + 4*v + 82 = 0. Suppose -z*c + 94*c = 2548. What is the remainder when c is divided by 31?
29
Let n(x) = -34 - 22*x - 39*x + 0*x. What is the remainder when n(-1) is divided by -10*(-1 - -2)*-1?
7
Let o be (3 - 304/(-72)) + (-2)/9. What is the remainder when o/(-1 - (2 - 4)) is divided by 2?
1
Let u(o) = 26 - 65 + o + 6*o. Suppose 0 = -f - 2*x + 6, -x - 18 = -3*f + 3*x. Calculate the remainder when 14 is divided by u(f).
2
Let v = 4482 - 4192. What is the remainder when 951 is divided by v?
81
Suppose -995 = -5*a + 5*b + 155, 236 = a - 3*b. Calculate the remainder when a is divided by 4.
3
Let q = -101 + 105. Suppose q*g = 5*t + 42, 2*g - 4*t + 7 - 31 = 0. Calculate the remainder when 29 is divided by g.
5
Let f = -69 - -71. What is the remainder when 38 is divided by f?
0
Suppose -v - 111 = -t, -3*t + 63 + 271 = -2*v. What is the remainder when t is divided by 6?
4
Suppose 3*z = -5*c + 22, -4*c + 3*c + 4 = z. Suppose -c*a - 112 = 78. Let y = a - -61. What is the remainder when y is divided by 12?
11
Suppose 0 = 3*g + 3*l - 102, g - 50 = -5*l - 4. Let c(u) = 3*u**2 - 2*u + 3. Suppose -3*j + 6 - 24 = 0. Calculate the remainder when c(j) is divided by g.
30
Let u(f) = 3*f**2 - 13*f - 8. Suppose 4*o - 3*d - 416 = 0, 0 = 4*d - 0 - 16. Calculate the remainder when o is divided by u(6).
19
Let z(l) = l**2 - l + 194. Suppose 